(c) = -c - 8. Let q be g(a). Let d(h) = -h. Calculate d(q).
-4
Suppose 5*i + 15 = 0, -5*k + 4*k - 5*i = 15. Let u be (k/(-1 - -7))/(-1). Let v(t) = t**3 - t**2 + t - 4. Calculate v(u).
-4
Let g(o) be the third derivative of 0*o + 0 - 1/90*o**6 + 14*o**2 + 1/120*o**5 + 0*o**3 + 1/2*o**4. Let h(x) be the second derivative of g(x). Determine h(-1).
9
Let z(h) be the second derivative of -h**3/3 + 7*h**2/2 - 132*h. Calculate z(-8).
23
Let a(g) = g - 5. Let z be a(4). Let r be 1*(3 + z + 2). Let p(d) = r*d**2 + 1 + d - 3*d**2 - 4*d**2 - d**2. Calculate p(-1).
-4
Let o(w) = -9*w - 71. Let x(q) = -8*q + 2. Let z(l) = -o(l) + 2*x(l). Calculate z(10).
5
Let n be (-1468)/(-14) - 38/(-266). Let k = -106 + n. Let i(h) = -1 + 0 + 2 + h. What is i(k)?
0
Let g(r) be the third derivative of -r**5/60 + r**4/6 - r**3/2 + 6*r**2. Let s(t) be the first derivative of -2*t**2 + 10*t + 5. Let l be s(2). What is g(l)?
1
Let t = -37 + 41. Let b(o) be the first derivative of o**3/3 - 5*o**2/2 - 1. Determine b(t).
-4
Suppose -2*z = -6, 4*m + z - 3 = -m. Let x(c) = -3*c - 5 + 14 + 4*c + m*c. Suppose 4*y + 5*k - 9 = 0, -2*y = 2*k - 12 + 10. What is x(y)?
5
Let x(l) = l**3 - 9*l**2 + 26*l - 6. Let a(q) = -2*q**3 + 18*q**2 - 50*q + 14. Let f(n) = 3*a(n) + 5*x(n). Calculate f(6).
0
Suppose 0 = -g - 3*t - 8, 0*t + 4*t + 10 = -2*g. Let y(o) = g + 6 - 83*o + 82*o. What is y(5)?
2
Let v(o) be the first derivative of -o**3/3 - 3*o**2 + 4*o - 2. Suppose 0 = -3*m + 3*a - 24, -3*m = -0*a - a + 16. What is v(m)?
12
Let r(d) be the second derivative of d**5/10 - d**4/4 + d**2/2 + 916*d - 3. Let y = -5 - -3. Give r(y).
-27
Let u = 194275 + -194274. Let s(m) = -8*m**2 - 14*m**2 + 1 - 6*m**2 - 2*m. Determine s(u).
-29
Let c(j) be the third derivative of 7*j**4/24 - 71*j**3/6 - j**2 - 283*j + 2. What is c(12)?
13
Let g(k) be the second derivative of -k**3/6 + 4*k**2 + k. Let h = -8 - -20. Suppose -3*o = 6 + h. What is g(o)?
14
Let g(p) = -123*p + 369*p - 118*p - 121*p + 91. What is g(-15)?
-14
Let l(s) = 894 - 7*s**3 - 1770 + 0*s**2 + 877 - 2*s - 4*s**2. Suppose -11*i + 14*i = -6. What is l(i)?
45
Suppose -t - q = -190, -2*t + 4*q + 720 = 2*t. Suppose 5*u + 135 = t. Let w(x) = x - 4. Give w(u).
6
Let o(y) = 10*y + 78. Let g = 862 - 869. Determine o(g).
8
Let m = -62 - -78. Suppose -m + 25 = 3*l. Let k(n) = 3*n**2 - 6*n**2 - 4 + 1 + 5*n. Give k(l).
-15
Let u(w) = -w + 4. Let a = 208 + -141. Let p = a - 53. Suppose i = -11 + p. What is u(i)?
1
Let b be (-10)/((1 + -4)/3 + 0). Suppose -2*x + 4*u - b = 4, -5*x - u - 24 = 0. Let n(y) = 0 - 2 - 5 - y. Give n(x).
-2
Let x be 9 + (2/6 - 16/12). Suppose 0 = -x*f + 15 + 41. Let b(p) = -p**2 + 9*p + 2. Give b(f).
16
Suppose -20*k = 2164 - 1804. Let r(h) = -h**2 - 15*h + 58. Determine r(k).
4
Let f(t) be the second derivative of t**4/12 + 5*t**3/6 - 5*t**2/2 + t. Let x(j) = 2*j**2 - 18*j + 23. Let z = -203 - -210. Let g be x(z). Calculate f(g).
-5
Let j(b) = -b**3 + b**2 - 6*b. Let l(g) = -g**3 + 75*g**2 + 401*g - 77. Let m be l(80). Give j(m).
-36
Let x(b) = b - 7 - 2*b - b. Suppose -194*u - 71*u = -13*u + 1512. Determine x(u).
5
Let p be 1*5 - ((-2 - 8) + 9). Suppose -p = m - 0. Let r(h) = -h**2 - 2*h + 2. Determine r(m).
-22
Let w(l) = 168*l. Let k(c) = -7*c. Let g(v) = 49*k(v) + 2*w(v). Suppose -37*b = -42*b - a + 235, -5*b + 230 = 2*a. Suppose -73 - 23 = b*i. What is g(i)?
14
Let v(x) = -8*x. Let h = -61 - -33. Let m = 31 + h. Let l be (9/m)/((-9)/6). Determine v(l).
16
Let w(v) = 9*v + 4. Let l(z) = -9*z**2 + 100*z + 93. Let c be l(12). Calculate w(c).
-23
Suppose -2*d - 62 = 2*y - 104, 3*y - 5*d = 87. Let s(o) = -2*o**2 + 46*o + 41. Calculate s(y).
-7
Let j(g) = 0*g**2 + g + 0*g**2 + 3*g**2 - 1 - 5*g**2. Suppose -2*u = -i - 1, -21*i = -20*i + u - 2. Determine j(i).
-2
Let j(s) = -s**3 - s**2 + s - 76. Let i(p) = 18*p + 1134. Let y be i(-63). Determine j(y).
-76
Let d(p) be the third derivative of -22*p**2 + 0 - 1/20*p**5 + 5/6*p**3 + 1/12*p**4 - 2*p. Calculate d(4).
-35
Let b(s) be the third derivative of 1/24*s**4 - 1/120*s**6 + 0*s + 0 + 1/30*s**5 - 8/3*s**3 + 8*s**2. Let a(x) be the first derivative of b(x). Calculate a(3).
-14
Let n(i) = 827222*i - 413612*i - 413596*i - 126. Calculate n(9).
0
Let l(m) = -13*m + 96. Let c(h) = 58*h - 976. Let y be c(17). Calculate l(y).
-34
Suppose -4*a = 2*n - 0*n + 10, 4*n = -12. Let x = 327 - 321. Let h(p) = p - 10 + 3 + x. Determine h(a).
-2
Let p(o) = 2*o**2 + 2*o - 3. Let y(n) be the third derivative of -n**3/6 - 270*n**2. Let f(r) = p(r) - 2*y(r). Give f(-3).
11
Let j(t) = 136*t - 17. Let b(i) = -39*i + 6. Let y(z) = -7*b(z) - 2*j(z). What is y(0)?
-8
Let g(a) = a**2 + 9*a + 9. Let u(m) = 5*m + 12. Let c be u(15). Let k = c + -83. Suppose 0 = -4*n + 2*y - 42, -k*n = 2*y + y + 17. What is g(n)?
1
Let k(c) = -18 + 6*c - c - 6*c. Let w(o) = 2*o + 18. Let l = 69 + -78. Let q be w(l). What is k(q)?
-18
Let g(j) = 109*j**3 - 5*j**2 - 4. Let d(p) = 13*p**3 - p**2. Let n(u) = 9*d(u) - g(u). What is n(2)?
52
Let z(t) = 14*t - 1. Let u(l) = 10*l - 41. Let o be u(8). Let m = o + -41. Calculate z(m).
-29
Let m(s) be the third derivative of -1/30*s**5 + 20*s**2 + 0*s + 0 + 1/12*s**4 - 1/6*s**3. Determine m(1).
-1
Let x(r) = -2*r**3 + 14*r**2 + 18*r - 15. Let o be x(8). Let c(j) = 25*j - 52*j - 2 + 16*j. Give c(o).
-13
Let v(p) be the second derivative of -p**5/20 - 5*p**4/12 + 23*p**3/2 + 2*p**2 - 10398*p. Determine v(-11).
-29
Let a(l) = -2069*l - 6*l**2 + 14*l**2 + 2062*l + 7*l**2 - 14*l**2 - 18. Suppose -4*o + 40 = -4*p, -2*p = o - 0*p - 4. Give a(o).
-10
Let k(t) = t**2 + 8*t + 4. Suppose 2*y - 24 = 2*d, d = 3*y - 41 + 5. Suppose -i - 3*i = -y. Suppose -5*w + 6*b = i*b + 47, 3*b = 12. Give k(w).
-3
Let d(q) = 4*q**2 - 11*q + 64. Let c(j) = 5*j**2 - 10*j + 64. Let i(z) = 5*c(z) - 6*d(z). Let m be i(-19). Let y(v) = -3*v - 8. Determine y(m).
13
Let t(m) = -m**3 - 9*m**2 + 7*m - 23. Let a be t(-10). Let v(o) = -a*o**2 + 0*o**2 + o**2 + o - 5 - o**3 - 4*o. Suppose -45*n + 43*n - 12 = 0. Give v(n).
13
Let m(z) = -20*z - 29*z - 12 + z**3 + 13*z - 5272*z**2 + 5305*z**2 - 45. Give m(-34).
11
Suppose 2*t + 244 + 447 = 5*v, 5*t - 705 = -5*v. Let i = -135 + v. Let a(s) = -s**3 + 5*s**2 - 2*s - 8. Calculate a(i).
0
Let o(z) = 5*z**2 - 3*z**2 - 3*z**2 - 8*z - 2. Let a(x) be the first derivative of -2*x**3/3 - x**2/2 - 8*x + 9. Let f be a(0). Determine o(f).
-2
Let x(k) = k**2 - 7*k - 7. Suppose 3 = 13*n + 29. Let z be n/(8/(-26)) + 16/32. Determine x(z).
-7
Let l = -11699 + 11699. Let j(k) be the first derivative of k**4/4 + k**3/3 + 4*k + 1. Calculate j(l).
4
Let x(v) = v + 11. Let r(h) = -h**2 - 15*h - 11. Let d(n) = n - 32. Let s be d(17). Let c be r(s). Determine x(c).
0
Let q(k) = 3*k**2 - k - 2. Let n(t) = 82*t - 59. Let c be n(6). Let u = 432 - c. Determine q(u).
2
Let a(y) = 11*y**2 + 12*y - 5. Let g(z) = 25*z**2 + 25*z - 10. Let h(t) = 9*a(t) - 4*g(t). Let s(o) = -o + 5. Let u be s(-3). What is h(u)?
-5
Suppose -p - 2*n = -3, 25 = -p + 4*n - 2. Let j(z) = -13*z - 39. Give j(p).
52
Suppose 9*l - 32 = 13. Let k(d) = -6*d**2 + 56*d**3 + 65*d**3 + l - 4*d - 122*d**3. Suppose -3*p + 2*z + 3 = 11, -4*z - 8 = 0. Determine k(p).
-11
Suppose 192*d - 7*d = 1665. Let l(s) = 2*s**3 - 13*s**2 + 2*s - 5. Let k(p) = -3*p**3 + 20*p**2 - 3*p + 8. Let f(a) = -5*k(a) - 7*l(a). Give f(d).
4
Suppose -3*n + 25 = 2*n. Let q be -1 + n/(-4 - -5). Let m(s) = 1066*s - 350*s - 358*s - 360*s. Determine m(q).
-8
Let v(b) = -11*b**3 + 2*b**2 - 3*b - 6. Suppose 1393*m + 2 = 4*o + 1388*m, -2 = -o + 2*m. What is v(o)?
96
Let x = 4514 - 4505. Let f(p) = 5*p - 11. Calculate f(x).
34
Let u(r) = -112*r + 9. Let y(l) = 185*l - 18. Let c(g) = -5*u(g) - 3*y(g). What is c(-3)?
-6
Let z(j) be the first derivative of -25*j**2/2 - 258*j - 3983. Calculate z(-10).
-8
Let v(m) = -5*m**2 + 9*m + 3. Let u(z) = 4*z**2 - 8*z - 4. Let n(t) = -4*u(t) - 3*v(t). Suppose b - 58 + 39 = -2*r, 0 = 3*b + 2*r - 29. Determine n(b).
7
Let d be ((-63)/105)/(2/30). Let q(s) = -s**3 - 6*s**2 + 30*s + 2. Determine q(d).
-25
Let q(k) = -4*k + 1. Let g(f) = -19*f + 19. Let b(i) = 37*i - 42. Let v(r) = 3*b(r) + 7*g(r). Let c(a) = 5*q(a) - v(a). Determine c(-11).
-24
Suppose 0 = -14*t - 153 + 153. Let f(m) = -m + 2. Let k(p) = -1. Let g(v) = f(v) + 3*k(v). Give g(t).
-1
Let b(c)